y 33.
25
Calculate the remainder when 265 is divided by 13.
5
What is the remainder when 236 is divided by 14?
12
Calculate the remainder when 2275 is divided by 189.
7
What is the remainder when 1538 is divided by 82?
62
What is the remainder when 48 is divided by 22?
4
What is the remainder when 3123 is divided by 1035?
18
Calculate the remainder when 57 is divided by 22.
13
What is the remainder when 448 is divided by 177?
94
What is the remainder when 2033 is divided by 203?
3
What is the remainder when 776 is divided by 731?
45
What is the remainder when 2888 is divided by 321?
320
Calculate the remainder when 128 is divided by 128.
0
What is the remainder when 949 is divided by 10?
9
Calculate the remainder when 796 is divided by 31.
21
Calculate the remainder when 801 is divided by 11.
9
Calculate the remainder when 250 is divided by 6.
4
What is the remainder when 55 is divided by 20?
15
Calculate the remainder when 5034 is divided by 40.
34
Calculate the remainder when 366 is divided by 4.
2
What is the remainder when 284 is divided by 279?
5
Calculate the remainder when 535 is divided by 111.
91
Calculate the remainder when 1459 is divided by 442.
133
Calculate the remainder when 43 is divided by 15.
13
Calculate the remainder when 68 is divided by 49.
19
Calculate the remainder when 3550 is divided by 79.
74
What is the remainder when 671 is divided by 331?
9
What is the remainder when 387 is divided by 10?
7
What is the remainder when 10458 is divided by 11?
8
What is the remainder when 765 is divided by 37?
25
Calculate the remainder when 138 is divided by 49.
40
Calculate the remainder when 459 is divided by 21.
18
What is the remainder when 300 is divided by 76?
72
What is the remainder when 305 is divided by 130?
45
Calculate the remainder when 1225 is divided by 24.
1
What is the remainder when 70 is divided by 4?
2
What is the remainder when 942 is divided by 217?
74
What is the remainder when 243 is divided by 43?
28
Calculate the remainder when 542 is divided by 34.
32
What is the remainder when 1315 is divided by 132?
127
Calculate the remainder when 500 is divided by 127.
119
Calculate the remainder when 37 is divided by 10.
7
What is the remainder when 567 is divided by 40?
7
Calculate the remainder when 1338 is divided by 658.
22
Calculate the remainder when 7831 is divided by 178.
177
What is the remainder when 106 is divided by 15?
1
Calculate the remainder when 239 is divided by 28.
15
Calculate the remainder when 148 is divided by 48.
4
What is the remainder when 13453 is divided by 69?
67
Calculate the remainder when 944 is divided by 472.
0
Calculate the remainder when 355 is divided by 37.
22
What is the remainder when 151 is divided by 22?
19
What is the remainder when 54 is divided by 11?
10
Calculate the remainder when 4875 is divided by 106.
105
What is the remainder when 1831 is divided by 71?
56
What is the remainder when 383 is divided by 104?
71
Calculate the remainder when 1930 is divided by 23.
21
What is the remainder when 5983 is divided by 73?
70
Calculate the remainder when 14 is divided by 9.
5
Calculate the remainder when 723 is divided by 28.
23
What is the remainder when 369 is divided by 93?
90
Calculate the remainder when 995 is divided by 457.
81
Calculate the remainder when 1268 is divided by 1261.
7
What is the remainder when 818 is divided by 41?
39
Calculate the remainder when 520 is divided by 29.
27
Calculate the remainder when 96 is divided by 11.
8
What is the remainder when 1159 is divided by 129?
127
Calculate the remainder when 6509 is divided by 88.
85
Calculate the remainder when 3471 is divided by 124.
123
Calculate the remainder when 46 is divided by 16.
14
Calculate the remainder when 2503 is divided by 8.
7
Calculate the remainder when 10999 is divided by 19.
17
Calculate the remainder when 982 is divided by 29.
25
What is the remainder when 96 is divided by 56?
40
What is the remainder when 531 is divided by 176?
3
Calculate the remainder when 298 is divided by 10.
8
What is the remainder when 123 is divided by 68?
55
What is the remainder when 42 is divided by 13?
3
Calculate the remainder when 311 is divided by 104.
103
Calculate the remainder when 383 is divided by 129.
125
What is the remainder when 326 is divided by 163?
0
Calculate the remainder when 56 is divided by 26.
4
Calculate the remainder when 4058 is divided by 58.
56
What is the remainder when 66 is divided by 63?
3
What is the remainder when 139 is divided by 12?
7
What is the remainder when 2577 is divided by 30?
27
What is the remainder when 191 is divided by 49?
44
What is the remainder when 155 is divided by 23?
17
Calculate the remainder when 151 is divided by 22.
19
Calculate the remainder when 4552 is divided by 99.
97
Calculate the remainder when 1099 is divided by 100.
99
Calculate the remainder when 326 is divided by 61.
21
What is the remainder when 20987 is divided by 99?
98
Calculate the remainder when 13606 is divided by 14.
12
Calculate the remainder when 1574 is divided by 198.
188
What is the remainder when 461 is divided by 47?
38
What is the remainder when 2916 is divided by 266?
256
What is the remainder when 251 is divided by 27?
8
Calculate the remainder when 1366 is divided by 57.
55
Calculate the remainder when 297 is divided by 17.
8
What is the remainder when 419 is divided by 30?
29
What is the remainder when 684 is divided by 108?
36
Calculate the remainder when 44 is divided by 9.
8
What is the remainder when 58 is divided by 38?
20
Calculate the remainder when 140 is divided by 77.
63
Calculate the remainder when 372 is divided by 111.
39
Calculate the remainder when 70 is divided by 37.
33
Calculate the remainder when 1203 is divided by 18.
15
What is the remainder when 755 is divided by 5?
0
Calculate the remainder when 139 is divided by 47.
45
What is the remainder when 520 is divided by 53?
43
Calculate the remainder when 130 is divided by 68.
62
Calculate the remainder when 1244 is divided by 83.
82
Calculate the remainder when 248 is divided by 184.
64
Calculate the remainder when 189 is divided by 50.
39
What is the remainder when 401 is divided by 9?
5
What is the remainder when 57 is divided by 5?
2
What is the remainder when 388 is divided by 57?
46
What is the remainder when 556 is divided by 113?
104
What is the remainder when 122 is divided by 33?
23
What is the remainder when 597 is divided by 15?
12
What is the remainder when 135 is divided by 72?
63
What is the remainder when 349 is divided by 76?
45
What is the remainder when 266 is divided by 89?
88
What is the remainder when 402 is divided by 14?
10
What is the remainder when 504 is divided by 127?
123
What is the remainder when 444 is divided by 137?
33
Calculate the remainder when 204 is divided by 59.
27
What is the remainder when 7255 is divided by 38?
35
Calculate the remainder when 127 is divided by 8.
7
Calculate the remainder when 2888 is divided by 289.
287
What is the remainder when 3473 is divided by 18?
17
Calculate the remainder when 1516 is divided by 493.
37
What is the remainder when 476 is divided by 89?
31
Calculate the remainder when 178 is divided by 137.
41
What is the remainder when 201 is divided by 92?
17
What is the remainder when 90 is divided by 10?
0
Calculate the remainder when 266 is divided by 128.
10
What is the remainder when 221 is divided by 32?
29
What is the remainder when 36 is divided by 3?
0
Calculate the remainder when 9049 is divided by 124.
121
What is the remainder when 129 is divided by 50?
29
Calculate the remainder when 125 is divided by 35.
20
What is the remainder when 78 is divided by 51?
27
What is the remainder when 230 is divided by 13?
9
Calculate the remainder when 31121 is divided by 26.
25
What is the remainder when 357 is divided by 70?
7
Calculate the remainder when 612 is divided by 41.
38
Calculate the remainder when 319 is divided by 231.
88
Calculate the remainder when 96 is divided by 11.
8
What is the remainder when 1813 is divided by 574?
91
What is the remainder when 453 is divided by 370?
83
What is the remainder when 173 is divided by 26?
17
What is the remainder when 206 is divided by 16?
14
Calculate the remainder when 1455 is divided 